highest common divisor of 34 and j?
17
Let b = -290 + 453. Let f = -122 + b. What is the greatest common divisor of f and 123?
41
Suppose -3*m = -4*m. Suppose m = -0*l - l + 15. Suppose 0 = -44*u + 42*u - 2, -u = 5*p - 674. What is the highest common divisor of l and p?
15
Suppose 44*u - 47*u = 5*b - 154, 4*b = -2*u + 120. What is the highest common factor of 6526 and b?
26
Suppose -4*g - o + 7 = 1, 0 = 5*g + 2*o - 6. Let k be ((-906)/(-42) + -7)/(g/42). Calculate the greatest common divisor of 18 and k.
18
Let x(q) = -20*q**3 - 8 - q + 4*q**2 + 5 - 17*q**3 + 36*q**3. Let b = -4 + 7. Let a be x(b). Calculate the greatest common factor of a and 33.
3
Let r be 54/(-5)*(15 - (65 - 10)). Suppose 4 = 2*i, m + m - 2*i - 30 = 0. Let h = 31 + m. Calculate the greatest common divisor of r and h.
48
Let q(a) = a**2 + 2*a - 54. Let n be q(10). Let i = 131 - n. Suppose 5*k = 16 + 49. Calculate the highest common factor of k and i.
13
Suppose -2*v + 269 - 59 = 0. Suppose 4*i - 191 = 229. Suppose -8*n = -n - i. Calculate the highest common divisor of v and n.
15
Let b(n) = 121*n - 15456. Let d be b(130). What is the greatest common factor of d and 14111?
137
Let i = 21367 + -17041. Calculate the greatest common divisor of i and 824.
206
Let p be (1/((-3)/16))/((-7)/21). Let w(n) = 2 + 12*n + p*n + 8*n + 2. Let r be w(1). What is the highest common factor of 10 and r?
10
Suppose 4*i + 4*k = 496, 2*i + 5*k - 396 = -136. Suppose -h - 5*s + i = 0, -110 = -h - s + 10. What is the greatest common divisor of h and 96?
24
Suppose 0 = -2*v - 2*v + 192. Let o = 87 - 78. Suppose -t + o = 1. Calculate the highest common factor of v and t.
8
Suppose -1204 = 6*f + 170. Let q = f + 389. What is the greatest common divisor of 64 and q?
32
Let y = 173 + -107. Let b = y - 15. Let l = b + -39. What is the greatest common factor of 48 and l?
12
Let p = 26 - 22. Suppose -j = -p*a + 20, 3*j + 3*a = -48 - 72. Let q = j - -53. Calculate the greatest common factor of q and 187.
17
Suppose -35*j = -34*j - 9. Let p = 27 + j. Let a be ((-60)/(-8) + -3 - 4)*48. What is the highest common factor of p and a?
12
Suppose 0 = k - b + 292, 3*k + 371 = b - 513. Let a = -222 - k. Calculate the greatest common factor of 37 and a.
37
Suppose 0 = 9*q - 204 - 4224. Calculate the greatest common factor of q and 48.
12
Let o be (183260/(-2772))/(1/(-9)). Calculate the greatest common divisor of o and 140.
35
Suppose -373 = 59*n - 2944 - 792. Calculate the greatest common divisor of n and 133.
19
Let q = -120 + 123. Suppose -q*z = 247 - 40. Let y = -47 - z. Calculate the highest common factor of y and 11.
11
Suppose 12 = -3*u - u, 3*z = -5*u + 102. Let m = 3 + 0. Calculate the highest common divisor of z and m.
3
Let j be (-133)/(-2) - (-181)/362. What is the highest common divisor of j and 2747?
67
Let v be (-75)/(-10)*(-4 - (-280)/(-15)). Let s be (-90746)/v - (0 + 8/10). What is the highest common divisor of s and 13?
13
Suppose -3219 + 183 = -23*c. Suppose -19*p + c = -172. Calculate the greatest common divisor of p and 80.
16
Let b(i) = 2*i - 4. Let u be b(9). Suppose 5 - u = -3*x. Suppose 0 = a + 2, -2*c + a + 28 + 16 = 0. Calculate the highest common factor of x and c.
3
Suppose -66*h = 11*h - 11526 + 130. What is the highest common factor of h and 1258?
74
Suppose 23*n - 632 - 840 = 0. Suppose -208 = c + 3*c. Let o = c + n. Calculate the greatest common factor of o and 96.
12
Suppose 3*r - 53 = -5*c, -15*c + 10*c = r - 1. What is the highest common divisor of 2197 and r?
13
Suppose -10*s + 75 = -265. Let n be s + (-12)/4 + 2. Calculate the highest common divisor of 297 and n.
33
Let a = 8748 - 6100. What is the highest common divisor of 16 and a?
8
Let w be 35720475/3800 - (-2)/(-16). Calculate the greatest common divisor of 282 and w.
94
Let m be 12/18 - 140/(-6). Let f be (5/(-5) + 3)*(174 - 24). Calculate the greatest common factor of f and m.
12
Let p = 88 - 26. Suppose 21*f = 6*f + 60. Suppose 5*j - 93 = f*j. What is the greatest common divisor of j and p?
31
Let u(f) = -77*f**3 - 4 + 78*f**3 - 5*f - 10 - 6*f**2. Let d be u(7). Suppose d*y + 60 = 3*y. What is the highest common factor of 5 and y?
5
Suppose -2*m - z - 2*z + 95 = 0, -205 = -5*m - z. Let v = 42 - m. Let h be -1 + 1/((-1)/(-60)) - v. What is the greatest common divisor of h and 38?
19
Let y = 73 + -27. Let h(w) = w**3 + 13*w**2 - 16*w - 26. Let p be h(-14). Suppose 0 = -x - c + 18, -c - p = 3. What is the highest common divisor of x and y?
23
Suppose 2*s - p = -693 + 4170, -4*s + p + 6957 = 0. Calculate the highest common factor of 12 and s.
12
Let m be (-240)/(-192) - 44661/(-12). Calculate the greatest common factor of m and 102.
51
Let z(b) = 24*b + 183. Let s be z(7). Calculate the highest common factor of 130 and s.
13
Suppose 0 = 36*t - 8004 - 7111 - 4973. What is the greatest common divisor of t and 310?
62
Let k be 558/(-9*(-40)/60). Suppose 5*x + 3*b = 325, -228 = -4*x - 3*b + 7*b. Calculate the highest common divisor of x and k.
31
Let b = 3665 + -51. What is the highest common divisor of 417 and b?
139
Suppose 2652 = 16*j + 2524. Calculate the greatest common divisor of 82 and j.
2
Let n(l) = -138*l + 12. Let u(k) = -2*k + 1. Let a be u(-1). Suppose -a*m - 6 + 0 = 0. Let g be n(m). Calculate the highest common factor of g and 36.
36
Suppose -28 = -s + 10. Let i = -43 + s. Let t be 49 + (i - (4 - 8)). Calculate the highest common divisor of t and 36.
12
Let a = -1880 + 14605. What is the greatest common divisor of 25 and a?
25
Suppose 4*p - 2538 - 5786 = 4*z, 4*z = 5*p - 10398. Calculate the highest common divisor of 102 and p.
34
Let z(x) = -261*x - 52999. Let o be z(-205). Let n = 90 + -46. What is the highest common factor of o and n?
22
Suppose -16061 = 62*a - 29453. Calculate the highest common factor of 9126 and a.
54
Let y(g) be the first derivative of 29*g**3/3 + g**2/2 + 3*g + 75. Let q be y(-2). Calculate the highest common divisor of q and 13.
13
Suppose -1566 = -4*j - 2*x, 6*x = 4*x + 6. What is the greatest common factor of 4758 and j?
78
Let i be -3 + (-8)/4*-4. Suppose i*u - 22 = 358. What is the highest common divisor of 38 and u?
38
Let t be (-154)/35 + 4 + (-52)/(-5). Suppose 2*p + 0*p - 444 = 0. Let i = p + -142. What is the highest common factor of i and t?
10
Let p = 42 - 61. Let d be 6 - (23 + p + (-8)/1). Suppose 5*y + f = 6*f + 435, 4*y - 5*f - 345 = 0. What is the greatest common factor of d and y?
10
Let p = 11492 - 7539. Calculate the greatest common factor of p and 118.
59
Suppose -3*i - 734*q + 60 = -738*q, 5*i - 90 = 5*q. What is the highest common divisor of i and 2946?
6
Suppose 0 = 9*i - 12*i. Let z be ((-1)/(-4))/(12/192). Suppose -5*t - 4*h + 290 = i, 0*h - 243 = -z*t - h. Calculate the highest common divisor of 93 and t.
31
Suppose -209*p + 15840 = -11*p. Calculate the greatest common factor of p and 1230.
10
Let t = 48 + -39. Let x = 46 - t. Suppose -2*i + n + 2*n + x = 0, -3*n = -9. Calculate the highest common divisor of 161 and i.
23
Let x be (-1 + (-40)/24)*3/(-1). Let z be -8*(-3 - x) - -3. Suppose -11 = -5*n + 54. What is the highest common factor of n and z?
13
Let s = -37484 - -68358. Calculate the greatest common factor of s and 86.
86
Let x(m) be the second derivative of -m**3/6 - 7*m**2 - 18*m. Let d be x(-7). Let z be d - (2 - 7) - (-80 + 1). Calculate the highest common factor of 7 and z.
7
Suppose -y = 5*p - 5, -3*p = -3*y + 9 + 6. Suppose -10*a + 1111 + 149 = p. What is the greatest common factor of a and 72?
18
Let n(d) = -d**2 - 107*d - 788. Let z be n(-9). Calculate the greatest common divisor of 517 and z.
47
Let m be ((-9919008)/868)/((-18)/84). Calculate the greatest common divisor of m and 16.
16
Let y(r) = -36*r + 1515. Let i be y(41). Calculate the highest common divisor of 1911 and i.
39
Let m(d) = 2*d**2 - 10*d + 15. Suppose -57*k - 5 = -58*k. Let j be m(k). Calculate the highest common divisor of 240 and j.
15
Suppose 540 = 4*j + 100. Suppose -13*t = 121 - 381. Suppose -2*p + t + 5 = 5*m, 1 = m. What is the greatest common factor of j and p?
10
Let j be (0 + 6)/(2/76). Let t(g) = -g**3 - 22*g**2 + 129*g + 42. Let z be t(5). What is the greatest common divisor of j and z?
12
Suppose -38*w = -37*w + 46*w - 75764. Calculate the greatest common factor